{"id":20921,"date":"2025-12-25T02:15:55","date_gmt":"2025-12-25T01:15:55","guid":{"rendered":"https:\/\/anpp.dz\/?page_id=20921"},"modified":"2026-03-13T16:28:13","modified_gmt":"2026-03-13T15:28:13","slug":"annexe-oran","status":"publish","type":"page","link":"https:\/\/anpp.dz\/fr\/annexe-oran\/","title":{"rendered":"Annexe Oran"},"content":{"rendered":"<div class=\"wpb-content-wrapper\"><p>[vc_row][vc_column][vc_column_text css=&#8221;&#8221;]<\/p>\n<h2><strong><span class=\"a_GcMg font-feature-liga-off font-feature-clig-off font-feature-calt-off text-decoration-none text-strikethrough-none\">CR\u00c9ATION DE L\u2019ANNEXE D&#8217;ORAN :<\/span><\/strong><\/h2>\n<p>&#8211;<strong>Arr\u00eat\u00e9 du 12 Joumada Ethania 1443 &#8211; Correspondant au 16 janvier 2022 portant cr\u00e9ation d&#8217;annexes r\u00e9gionales de l&#8217;agence nationale des produits pharmaceutiques.<\/strong><\/p>\n<p><strong>-Article 1er \u2014 En application des dispositions de l&#8217;article 4 du d\u00e9cret ex\u00e9cutif n\u00b0 19-190 du 30 Chaoual 1440 correspondant au 3 juillet 2019 fixant les missions, l&#8217;organisation et le fonctionnement de l&#8217;agence nationale des produits pharmaceutiques, le pr\u00e9sent arr\u00eat\u00e9 a pour objet la cr\u00e9ation d&#8217;annexes r\u00e9gionales de l&#8217;agence nationale des produits pharmaceutiques.<\/strong>[\/vc_column_text][\/vc_column][\/vc_row][vc_row css=&#8221;.vc_custom_1667833021083{margin-bottom: 20px !important;background-color: #fdf6ed !important;}&#8221;][vc_column width=&#8221;5\/6&#8243;][vc_column_text css=&#8221;&#8221;]<a href=\"https:\/\/www.joradp.dz\/FTP\/jo-francais\/2022\/F2022057.pdf#page=21\"><strong>Arr\u00eat\u00e9 du 12 Joumada Ethania 1443 \u2013 Correspondant au 16 janvier 2022 portant cr\u00e9ation d\u2019annexes r\u00e9gionales de l\u2019agence nationale des produits pharmaceutiques.<\/strong><\/a>[\/vc_column_text][\/vc_column][vc_column width=&#8221;1\/6&#8243;][vc_single_image image=&#8221;17930&#8243;][\/vc_column][\/vc_row][vc_row][vc_column][vc_column_text css=&#8221;&#8221;]<\/p>\n<h2 class=\"cvGsUA direction-ltr align-start para-style-body\">COMPETENCES T\u00c9RRITORIALES&nbsp;:<\/h2>\n<p><strong>&#8211;<span class=\"a_GcMg font-feature-liga-off font-feature-clig-off font-feature-calt-off text-decoration-underline text-strikethrough-none\">16 <\/span><span class=\"a_GcMg font-feature-liga-off font-feature-clig-off font-feature-calt-off text-decoration-underline text-strikethrough-none\">wilayas en activit\u00e9 :<\/span><\/strong><\/p>\n<p class=\"cvGsUA direction-ltr align-center para-style-body\"><strong><span class=\"a_GcMg font-feature-liga-off font-feature-clig-off font-feature-calt-off text-decoration-none text-strikethrough-none\">Oran, Tlemcen, Sidi Bel Abbes, Mostaganem, Ain T\u00e9mouchent, Saida, Chlef, Tiaret, Mascara, Tissemsilt, Relizane, B\u00e9char, Na\u00e2ma, El Bayadh, Ain Defla, Laghouat<\/span><\/strong><\/p>\n<p>[\/vc_column_text][\/vc_column][\/vc_row][vc_row][vc_column][vc_single_image image=&#8221;21369&#8243; img_size=&#8221;1000*500&#8243; css=&#8221;&#8221; title=&#8221;ORGANIGRAMME ANNEXE R\u00c9GIONALE &#8220;ORAN&#8220; :&#8221;][\/vc_column][\/vc_row][vc_row][vc_column][vc_gallery type=&#8221;image_grid&#8221; images=&#8221;21144,21142,21140,21126,21130,21138,21146,21148,21170,21172,21166,21168,21162,21160,21158,21174,21176,21178&#8243; img_size=&#8221;400*300&#8243; css=&#8221;&#8221; title=&#8221;M\u00c9DIATH\u00c8QUE ANNEXE ORAN&#8221;][\/vc_column][\/vc_row][vc_row][vc_column][vc_column_text css=&#8221;&#8221;]<\/p>\n<h2 class=\"wp-block-heading has-text-align-center\" style=\"text-align: left;\"><\/h2>\n<h2 class=\"wp-block-heading has-text-align-center\" style=\"text-align: left;\"><a href=\"https:\/\/maps.app.goo.gl\/EMb22Aaj91QdiLLi9\">ADRESSE ANNEXE ORAN :<\/a><\/h2>\n<p>[\/vc_column_text][\/vc_column][\/vc_row][vc_row][vc_column][vc_goo_maps location=&#8221;Agence Nationale des Produits Pharmaceutiques annexe Oran&#8221; zoom=&#8221;15&#8243; css=&#8221;&#8221;][\/vc_column][\/vc_row][vc_row][vc_column][\/vc_column][\/vc_row]<\/p>\n<\/div>","protected":false},"excerpt":{"rendered":"<p>[vc_row][vc_column][vc_column_text css=&#8221;&#8221;] CR\u00c9ATION DE L\u2019ANNEXE D&#8217;ORAN : &#8211;Arr\u00eat\u00e9 du 12 Joumada Ethania 1443 &#8211; Correspondant au 16 janvier 2022 portant cr\u00e9ation d&#8217;annexes r\u00e9gionales de l&#8217;agence nationale des produits pharmaceutiques. -Article 1er \u2014 En application des dispositions de l&#8217;article 4 du d\u00e9cret ex\u00e9cutif n\u00b0 19-190 du 30 Chaoual 1440 correspondant au 3 juillet 2019 fixant les [&hellip;]<\/p>\n","protected":false},"author":1,"featured_media":20859,"parent":0,"menu_order":0,"comment_status":"closed","ping_status":"closed","template":"","meta":{"footnotes":""},"class_list":["post-20921","page","type-page","status-publish","has-post-thumbnail","hentry"],"_links":{"self":[{"href":"https:\/\/anpp.dz\/fr\/wp-json\/wp\/v2\/pages\/20921","targetHints":{"allow":["GET"]}}],"collection":[{"href":"https:\/\/anpp.dz\/fr\/wp-json\/wp\/v2\/pages"}],"about":[{"href":"https:\/\/anpp.dz\/fr\/wp-json\/wp\/v2\/types\/page"}],"author":[{"embeddable":true,"href":"https:\/\/anpp.dz\/fr\/wp-json\/wp\/v2\/users\/1"}],"replies":[{"embeddable":true,"href":"https:\/\/anpp.dz\/fr\/wp-json\/wp\/v2\/comments?post=20921"}],"version-history":[{"count":23,"href":"https:\/\/anpp.dz\/fr\/wp-json\/wp\/v2\/pages\/20921\/revisions"}],"predecessor-version":[{"id":21373,"href":"https:\/\/anpp.dz\/fr\/wp-json\/wp\/v2\/pages\/20921\/revisions\/21373"}],"wp:featuredmedia":[{"embeddable":true,"href":"https:\/\/anpp.dz\/fr\/wp-json\/wp\/v2\/media\/20859"}],"wp:attachment":[{"href":"https:\/\/anpp.dz\/fr\/wp-json\/wp\/v2\/media?parent=20921"}],"curies":[{"name":"wp","href":"https:\/\/api.w.org\/{rel}","templated":true}]}}

<div class="wpb-content-wrapper"><p>[vc_row][vc_column][vc_column_text css=&#8221;&#8221;]</p>
<h2><strong><span class="a_GcMg font-feature-liga-off font-feature-clig-off font-feature-calt-off text-decoration-none text-strikethrough-none">CRÉATION DE L’ANNEXE D&#8217;ORAN :</span></strong></h2>
<p>&#8211;<strong>Arrêté du 12 Joumada Ethania 1443 &#8211; Correspondant au 16 janvier 2022 portant création d&#8217;annexes régionales de l&#8217;agence nationale des produits pharmaceutiques.</strong></p>
<p><strong>-Article 1er — En application des dispositions de l&#8217;article 4 du décret exécutif n° 19-190 du 30 Chaoual 1440 correspondant au 3 juillet 2019 fixant les missions, l&#8217;organisation et le fonctionnement de l&#8217;agence nationale des produits pharmaceutiques, le présent arrêté a pour objet la création d&#8217;annexes régionales de l&#8217;agence nationale des produits pharmaceutiques.</strong>[/vc_column_text][/vc_column][/vc_row][vc_row css=&#8221;.vc_custom_1667833021083{margin-bottom: 20px !important;background-color: #fdf6ed !important;}&#8221;][vc_column width=&#8221;5/6&#8243;][vc_column_text css=&#8221;&#8221;]<a href="https://www.joradp.dz/FTP/jo-francais/2022/F2022057.pdf#page=21"><strong>Arrêté du 12 Joumada Ethania 1443 – Correspondant au 16 janvier 2022 portant création d’annexes régionales de l’agence nationale des produits pharmaceutiques.</strong></a>[/vc_column_text][/vc_column][vc_column width=&#8221;1/6&#8243;][vc_single_image image=&#8221;17930&#8243;][/vc_column][/vc_row][vc_row][vc_column][vc_column_text css=&#8221;&#8221;]</p>
<h2 class="cvGsUA direction-ltr align-start para-style-body">COMPETENCES TÉRRITORIALES&nbsp;:</h2>
<p><strong>&#8211;<span class="a_GcMg font-feature-liga-off font-feature-clig-off font-feature-calt-off text-decoration-underline text-strikethrough-none">16 </span><span class="a_GcMg font-feature-liga-off font-feature-clig-off font-feature-calt-off text-decoration-underline text-strikethrough-none">wilayas en activité :</span></strong></p>
<p class="cvGsUA direction-ltr align-center para-style-body"><strong><span class="a_GcMg font-feature-liga-off font-feature-clig-off font-feature-calt-off text-decoration-none text-strikethrough-none">Oran, Tlemcen, Sidi Bel Abbes, Mostaganem, Ain Témouchent, Saida, Chlef, Tiaret, Mascara, Tissemsilt, Relizane, Béchar, Naâma, El Bayadh, Ain Defla, Laghouat</span></strong></p>
<p>[/vc_column_text][/vc_column][/vc_row][vc_row][vc_column][vc_single_image image=&#8221;21369&#8243; img_size=&#8221;1000*500&#8243; css=&#8221;&#8221; title=&#8221;ORGANIGRAMME ANNEXE RÉGIONALE &#8220;ORAN&#8220; :&#8221;][/vc_column][/vc_row][vc_row][vc_column][vc_gallery type=&#8221;image_grid&#8221; images=&#8221;21144,21142,21140,21126,21130,21138,21146,21148,21170,21172,21166,21168,21162,21160,21158,21174,21176,21178&#8243; img_size=&#8221;400*300&#8243; css=&#8221;&#8221; title=&#8221;MÉDIATHÈQUE ANNEXE ORAN&#8221;][/vc_column][/vc_row][vc_row][vc_column][vc_column_text css=&#8221;&#8221;]</p>
<h2 class="wp-block-heading has-text-align-center" style="text-align: left;"></h2>
<h2 class="wp-block-heading has-text-align-center" style="text-align: left;"><a href="https://maps.app.goo.gl/EMb22Aaj91QdiLLi9">ADRESSE ANNEXE ORAN :</a></h2>
<p>[/vc_column_text][/vc_column][/vc_row][vc_row][vc_column][vc_goo_maps location=&#8221;Agence Nationale des Produits Pharmaceutiques annexe Oran&#8221; zoom=&#8221;15&#8243; css=&#8221;&#8221;][/vc_column][/vc_row][vc_row][vc_column][/vc_column][/vc_row]</p>
</div>

<p>[vc_row][vc_column][vc_column_text css=&#8221;&#8221;] CRÉATION DE L’ANNEXE D&#8217;ORAN : &#8211;Arrêté du 12 Joumada Ethania 1443 &#8211; Correspondant au 16 janvier 2022 portant création d&#8217;annexes régionales de l&#8217;agence nationale des produits pharmaceutiques. -Article 1er — En application des dispositions de l&#8217;article 4 du décret exécutif n° 19-190 du 30 Chaoual 1440 correspondant au 3 juillet 2019 fixant les [&hellip;]</p>
